hat is 1625105 + 1?
1625106
In base 7, what is -1425051233 - -1?
-1425051232
In base 12, what is -43017 + -24a9?
-45504
In base 4, what is -1302321111 + 2020?
-1302313031
In base 2, what is -111001100 + 1011101011100110000?
1011101010101100100
In base 6, what is -2 - 21114544?
-21114550
In base 8, what is -236646022 - 5?
-236646027
In base 9, what is -4 - -1077463?
1077458
In base 4, what is -2001221312 + 0?
-2001221312
In base 6, what is -404 - -335440205?
335435401
In base 16, what is 106e - -1cf2a?
1df98
In base 2, what is 10 - 110011101010011011101?
-110011101010011011011
In base 4, what is -233003212000 - 10?
-233003212010
In base 9, what is -13314817 - 6?
-13314824
In base 13, what is 30 - ab5c45?
-ab5c15
In base 5, what is 23121023 + -141?
23120332
In base 4, what is 3120 - -120023130?
120032310
In base 10, what is 3803 - -602?
4405
In base 13, what is -1b - -195ba?
1959c
In base 3, what is 1111211020101 + 1?
1111211020102
In base 4, what is -100002300 - -103213?
-33233021
In base 2, what is -11100111111110111100011 + -100011?
-11100111111111000000110
In base 8, what is 1155051675 - 0?
1155051675
In base 6, what is -11 + 530040231?
530040220
In base 7, what is -640 + -2112560?
-2113530
In base 8, what is -254 + 16617137?
16616663
In base 11, what is 544605 + -6?
5445aa
In base 4, what is -22111112032 + -221?
-22111112313
In base 11, what is -22a1 - 145736?
-147a27
In base 4, what is -2221121000 - 10321?
-2221131321
In base 8, what is -555357 + 27?
-555330
In base 7, what is 4206120 + -1562?
4204225
In base 4, what is -301233223 - 211?
-301300100
In base 15, what is -1 - -16114e2?
16114e1
In base 6, what is 431321 - 1514?
425403
In base 10, what is -9476341 - 15?
-9476356
In base 5, what is -31110 + 1224104?
1142444
In base 10, what is 4 - 311892036?
-311892032
In base 2, what is 11000 - 1000010100100011001000?
-1000010100100010110000
In base 16, what is 19dbc42 - -5?
19dbc47
In base 16, what is 16bd5 + -1305?
158d0
In base 10, what is -128663 - 78?
-128741
In base 10, what is 5004 - 6730?
-1726
In base 2, what is 1011111100111001101 + 100?
1011111100111010001
In base 11, what is 288a3 + -3a1?
28502
In base 16, what is 2 - edf18e?
-edf18c
In base 8, what is 7372 - 162247?
-152655
In base 10, what is 97553683 - 1?
97553682
In base 14, what is -15c - -38336?
381b8
In base 9, what is 223 + -1820150?
-1818826
In base 15, what is -28808 + -1562?
-29d6a
In base 14, what is -3859 - -1a4?
-3695
In base 7, what is 451511 + -1404?
450104
In base 7, what is 0 - -60262024?
60262024
In base 2, what is -11111110011 - 100110101011?
-1000110011110
In base 13, what is -26 + 62c77?
62c51
In base 10, what is 12047 + 407?
12454
In base 3, what is -1221 + -21222122020?
-21222201011
In base 16, what is -175 - 1576?
-16eb
In base 16, what is 4f2d - 2110?
2e1d
In base 2, what is -110000011001100011101011 + 11?
-110000011001100011101000
In base 4, what is 103 + 23212212021?
23212212130
In base 12, what is -27b2 + -256?
-2a48
In base 8, what is -3173306 + 644?
-3172442
In base 3, what is 11000220 - 1201112022?
-1120111102
In base 8, what is 1 + 12546771?
12546772
In base 4, what is 13 - -100221012233?
100221012312
In base 9, what is 40316628 - -6?
40316635
In base 11, what is 1350 - 44121?
-42881
In base 9, what is -1 - -33486657?
33486656
In base 8, what is -1361217 - 20?
-1361237
In base 10, what is 5 - 2444797?
-2444792
In base 13, what is 152395 + 5?
15239a
In base 5, what is -3113 - 130242202?
-130300320
In base 8, what is 64 - 1215126?
-1215042
In base 16, what is d4319a - -16?
d431b0
In base 15, what is -19bc - 27183?
-28b50
In base 10, what is -11308 + 1779?
-9529
In base 5, what is 140021 - 142024?
-2003
In base 12, what is 1 + 11a56b0?
11a56b1
In base 8, what is -15273571 - -4?
-15273565
In base 12, what is -16292b8 - -24?
-1629294
In base 12, what is -4594 + -1673?
-6047
In base 12, what is 8 - 141337?
-14132b
In base 12, what is -57b1 - 3070?
-8861
In base 14, what is 4479 - -aa9?
5144
In base 2, what is -11010000100101111000 - -1101?
-11010000100101101011
In base 9, what is -1058 + 340444?
338375
In base 12, what is -187b929 - -2?
-187b927
In base 15, what is -1b1ac + -75?
-1b232
In base 11, what is 10 - -5a1952?
5a1962
In base 9, what is 2 - -820302503?
820302505
In base 15, what is -118 + 30510?
303e7
In base 10, what is -48392467 + 4?
-48392463
In base 11, what is -1035 - -a8011?
a6a87
In base 15, what is -6bc4d84 + -4?
-6bc4d88
In base 7, what is -34314445 - 63?
-34314541
In base 11, what is 25692 + -115?
25578
In base 4, what is -12012 + 2032203122?
2032131110
In base 7, what is 2311554 + -204?
2311350
In base 14, what is 3 - cdc968?
-cdc965
In base 10, what is -158906 + -295?
-159201
In base 14, what is 54a7 - c532?
-7069
In base 11, what is -1a24a937 - -1?
-1a24a936
In base 13, what is 49 + 61b0b?
61b57
In base 2, what is 1 - 100100010101101110?
-100100010101101101
In base 5, what is 4 - 441423014?
-441423010
In base 12, what is -4943 - -26b2?
-2251
In base 12, what is 11 + -1aab3268?
-1aab3257
In base 8, what is -665750545 - -1?
-665750544
In base 2, what is -111000111 - 111010110011010?
-111011101100001
In base 8, what is 137 + 2742056?
2742215
In base 6, what is 52155 - 23122?
25033
In base 9, what is 11835102 - 63?
11835028
In base 6, what is -35111512 + -110?
-35112022
In base 5, what is -231344030142 + -4?
-231344030201
In base 5, what is -14030240344 - 24?
-14030240423
In base 13, what is 1 - -b08928?
b08929
In base 8, what is -165263511 - -3?
-165263506
In base 3, what is 102 - 2100102220101?
-2100102212222
In base 2, what is 111010111 - 1101010001110101?
-1101001010011110
In base 14, what is 7165b1 + -80?
716531
In base 13, what is -146435 + -11?
-146446
In base 16, what is 2 - 31d9f7?
-31d9f5
In base 3, what is 11200111000021111 + 2?
11200111000021120
In base 6, what is -2 + 2340344511?
2340344505
In base 12, what is -815bb - 24?
-81623
In base 5, what is -323 - -10014401?
10014023
In base 10, what is -16 - -215646?
215630
In base 9, what is 5 - -454277735?
454277741
In base 10, what is 202507 + 201?
202708
In base 15, what is -488268e + -3?
-4882692
In base 6, what is 20001353 + -2121?
15555232
In base 13, what is 196358 + -1?
196357
In base 13, what is 548 - 70a2?
-6857
In base 13, what is -185136 + 98?
-18506b
In base 5, what is 2 + 4134224333?
4134224340
In base 3, what is -111011221 - -20012122?
-20222022
In base 13, what is 618a6a - 3?
618a67
In base 12, what is 1a585 - 89?
1a4b8
In base 3, what is -11100 + -1000211011022?
-1000211022122
In base 10, what is -543 - 3694302?
-3694845
In base 15, what is 1c4e634 + -1?
1c4e633
In base 14, what is 7b - 2467a9?
-24672c
In base 10, what is 3 + 5602949?
5602952
In base 9, what is 376522513 - 4?
376522508
In base 14, what is b5ac + 354?
b922
In base 8, what is -34117673 + 0?
-34117673
In base 10, what is 0 - -636523?
636523
In base 2, what is -1 - 1011111100101100010?
-1011111100101100011
In base 13, what is -3b1 + 35c9?
3218
In base 5, what is 4 + 2014130101?
2014130110
In base 8, what is 2 - -4436553?
4436555
In base 14, what is 433d7dc + -8?
433d7d4
In base 14, what is 3 + -30a172?
-30a16d
In base 2, what is -10000001101011000000 - -11101100?
-10000001100111010100
In base 14, what is b7d - -9c?
c3b
In base 12, what is 65405 - -121a?
66623
In base 9, what is -33378 - 5356?
-38745
In base 13, what is -165a6a + -27?
-165a94
In base 5, what is -20412022233 - -2?
-20412022231
In base 15, what is -1 + -600276?
-600277
In base 14, what is 16b5b + -46?
16b15
In base 4, what is 322110333010 - -3?
322110333013
In base 14, what is -1d0ac - 1a99?
-20b67
In base 13, what is 18a7404 - 1?
18a7403
In base 7, what is 503425 + 3305?
510033
In base 15, what is -c947c1 + 3?
-c947bd
In base 3, what is -10000121121 - -2020?
-10000112101
In base 4, what is -1330 + 1313021?
1311031
In base 5, what is 3321043224 - -24?
3321043303
In base 11, what is -138a + 55802?
54423
In base 4, what is -1 - -2132001020002?
2132001020001
In base 10, what is 5335067 - 5?
5335062
In base 15, what is 3694c - -6?
36953
In base 14, what is 3917dcb + 0?
3917dcb
In base 8, what is 1135 + -1001055?
-777720
In base 4, what is 100133000230 + -321?
100132333303
In base 9, what is -213 - -53274?
53061
In base 4, what is -10211321